(-8)). Let a be 1/((-1)/(-2)) - 9. Let s = v - a. What is the highest common divisor of 22 and s?
2
Suppose -4*u - 2 = 2*j, 0 = -5*j + u - 4*u - 5. Let z be j*-17*(3 - 2). What is the highest common factor of 85 and z?
17
Let k = 78 - 22. What is the highest common divisor of k and 14?
14
Let o(q) = 6*q - 8. Let k be o(5). What is the highest common divisor of 11 and k?
11
Let r(t) = t**2 + 3*t - 2. Let k be r(-4). Suppose k*p - 47 + 3 = 0. Let z be (-400)/(-6) - 6/9. What is the greatest common divisor of p and z?
22
Suppose 5 = -4*x + 25. Let u be ((-2)/(-3))/(62/2325). What is the greatest common factor of u and x?
5
Let y(k) = 22*k**2 - 3*k. Let a be y(-3). Calculate the highest common divisor of a and 23.
23
Let a(s) = 2*s - 20. Let l be a(14). Let k be l/(-16) + (-353)/(-2). What is the highest common divisor of k and 16?
16
Suppose k + 336 = 3*d - 2*k, 3*k = 2*d - 228. Suppose 5*f = 4*f + 12. Calculate the greatest common divisor of d and f.
12
Suppose 0 = -4*u + 2*h + 14, -2*h - 14 = -3*u - 3. Suppose 2*a - 175 = -u*a. Calculate the greatest common divisor of a and 5.
5
Suppose 0 = -3*b - 15, 4*d - 19 = 5*b + 30. Suppose f = -d + 42. Suppose -2*m - 3*h + 57 = 0, m + h - 30 = -h. What is the highest common divisor of f and m?
12
Suppose -33 = i - 6*i + 3*w, -4*i + 3*w = -27. Let y = 10 - i. Suppose 3*j + 2*j = -y*t + 27, -5*t + 4 = 2*j. What is the highest common factor of 28 and j?
7
Suppose -15 = -5*x, -5*x - 83 = -5*b + 112. Suppose -n = 4*j - 75, -3*j + 5*j - b = -2*n. Calculate the highest common factor of j and 2.
2
Let f(b) = b**3 - 2*b**2 - 3*b + 3. Let r be f(3). Let a be (7 - (-2)/(-1))*3. What is the greatest common divisor of r and a?
3
Let s(c) = -5*c + 2. Let k be s(-3). What is the greatest common factor of 153 and k?
17
Let r = -71 + 143. Suppose 6*a = 2*a + t + 45, 0 = 5*a + 4*t - r. Calculate the greatest common factor of 30 and a.
6
Let o(t) = t**2 - 3*t + 1. Let r be o(3). Let n be 12/r*(0 + 1). What is the greatest common divisor of 18 and n?
6
Suppose -4*w - 34 = -2*b - 2*w, -3*w - 87 = -5*b. Let g(u) = 3*u**2 + u + 2. Let p be g(-5). What is the highest common divisor of b and p?
18
Let m be 5 + (-3 + 2)/(-1). Let n(i) = 5*i - 6. Let r be n(m). What is the highest common factor of 3 and r?
3
Suppose -5*k + k = 0. Let i(n) = k*n - n - n + 3 + 4*n**2. Let u be i(-3). What is the highest common factor of 9 and u?
9
Let p = 101 + -91. Let j = -3 - -8. Calculate the greatest common factor of j and p.
5
Suppose 0 = 4*f - 23 - 13. Suppose -2 + 6 = h. Suppose -5*l + 5*a = -55, 10 = 4*l + h*a - 18. What is the greatest common factor of l and f?
9
Let z be (-37)/2*(2 - 0). Let l = 17 - z. Calculate the highest common factor of 6 and l.
6
Let w be (21 + (1 - 1))*-1. Let c = -1 - w. Calculate the greatest common factor of c and 4.
4
Let a(h) = 6*h**2 - 7*h - 5. Let b be a(5). Calculate the highest common factor of 22 and b.
22
Let y = 6 + 0. Suppose 5 = u, 3*u + 0*u - 3 = c. Calculate the greatest common divisor of c and y.
6
Let r(l) = -39*l + 3. Let h be r(-2). Let o(t) = t**2 - 5*t + 5. Let c be o(4). Let y = 10 - c. Calculate the greatest common factor of y and h.
9
Suppose 2*n + 0*n = 8. Suppose 0 = -n*i + 3 + 9. Suppose w + 4*d - 66 + 23 = 0, 0 = -3*w + i*d + 99. What is the greatest common factor of w and 14?
7
Let g(f) = 4*f**2 - f - 4. Let l be g(3). Let s = -18 + l. Suppose -3*t + t = -3*i - 119, 5*t - 4*i - 287 = 0. What is the highest common factor of t and s?
11
Let u = -3 - -5. Suppose -185 = -5*a - u*c, -a + c = -c - 25. What is the highest common divisor of 7 and a?
7
Let u(i) = i**2 - 6*i - 11. Let x be u(8). Suppose -5*p + o = -71, -x*o - 42 = -4*p + 19. What is the highest common divisor of 21 and p?
7
Let v(d) = d**3 + 3*d**2 - 2*d + 2. Let g be v(-4). Let a(w) = w**2 - 5*w - 3. Let r be a(g). What is the greatest common factor of r and 7?
7
Let k be 1/3 - 3/9. Suppose k = 2*n - 8, -2*o + n + 2*n - 12 = 0. Let g be -10*(o + -5 + 3). What is the highest common divisor of g and 8?
4
Suppose 0 = 3*v + n - 339, -3*v + 4*v - 2*n = 106. What is the greatest common divisor of 16 and v?
16
Let g be (-224)/(-10) - 4/10. What is the greatest common divisor of g and 33?
11
Suppose 2*n = -n + 108. What is the highest common divisor of n and 90?
18
Let t = -2 - 2. Let o = 2 + t. Let z be 3 - (o - 4)/(-3). Calculate the highest common factor of 11 and z.
1
Let u = 12 - 5. Let i = -183 - -260. Calculate the highest common divisor of i and u.
7
Suppose 2 = 2*x - 4. Suppose -5*y - 5*b + 2*b = -102, -4*b = -5*y + 109. Calculate the highest common factor of y and x.
3
Let a be ((-5)/(-5))/(1/1). Let i(y) be the first derivative of 8*y**3/3 + y**2/2 - 1. Let g be i(a). Calculate the highest common factor of 36 and g.
9
Let d be 6/(-3) - -59 - 2. Suppose 47 = 3*f - d. Let w = 28 + 23. What is the highest common factor of w and f?
17
Let p = -69 - -73. Calculate the highest common divisor of 20 and p.
4
Suppose -4*j - 400 + 1156 = 0. Calculate the highest common divisor of 27 and j.
27
Suppose 4*n - 28 - 4 = 0. Let o(q) = -q**2 - 7*q - 5. Let s be o(-6). Calculate the greatest common divisor of s and n.
1
Let f be 97/2 - 12/(-8). What is the highest common factor of 75 and f?
25
Let r = -10 - -12. Suppose -r*v - 5*o - 5 = -v, -3*o - 3 = -v. Suppose -5*b + 2*b + 99 = v. Calculate the highest common divisor of 3 and b.
3
Let s(c) = -c - 17. Suppose -3*z + 2*o + o - 18 = 0, 57 = -5*z - 4*o. Let x be s(z). Let d be (54/8)/((-1)/x). What is the highest common divisor of d and 6?
6
Let q be (1470/(-63))/(1/(-6)). Let f = -5 - -3. Let n be (-1)/f*-2 + 21. Calculate the highest common divisor of q and n.
20
Suppose -5*h + 2*h = -495. Suppose -h = g - 6*g. What is the greatest common factor of 3 and g?
3
Suppose 2*a - 3*a = -14. Suppose -5*l + 79 = w, 4*l - a = 2*l + 4*w. Calculate the highest common factor of l and 30.
15
Let q = 3 - 0. Let m be 2 - (-1)/(q/30). Calculate the highest common factor of m and 36.
12
Suppose n - 4 = 3. Suppose n = c + 14. Let b(p) = -p**2 - 11*p - 1. Let f be b(c). What is the greatest common divisor of 3 and f?
3
Let k be (-2 - -1)*-1 - 1. Let o = 4 + k. Let q(h) = 3*h**2 - 4*h + 4. Let t be q(o). Calculate the greatest common factor of 18 and t.
18
Let q(g) be the second derivative of -g**5/20 + 5*g**4/12 - g**3/6 - 2*g**2 - 4*g. Let k be q(2). Calculate the greatest common factor of k and 6.
6
Suppose -4*l = -2*t - 28, -l - 2*t - 3 = -0. What is the highest common divisor of l and 5?
5
Let u = 721 + -385. Suppose -5*y + 24 = -u. Calculate the greatest common factor of 18 and y.
18
Let u = -200 - -132. Let k = 151 - u. Suppose k = 3*b - 78. What is the highest common divisor of b and 9?
9
Let o = 8 - -20. Let g(v) = 8*v**2 - 2*v + 1. Let h be g(1). Calculate the highest common factor of h and o.
7
Let u(p) = 4*p**2 + 4*p - 12. Let l be u(-6). What is the highest common factor of 27 and l?
27
Let c be 1/(-2) + (-71)/(-2). Suppose b - 21 = -2*b. What is the greatest common divisor of c and b?
7
Let x(k) = k**3 - 9*k**2 - 11*k + 10. Let q be x(10). Let l = q - -3. What is the highest common divisor of 27 and l?
3
Suppose -3*j = 306 + 180. Let p = j - -316. What is the greatest common factor of p and 14?
14
Let t(q) = 2*q**3 - q**2 - 6*q + 3. Let h be t(4). Let j be (11 + -9)*3/(-2). Let v be j - 48/((-9)/3). What is the greatest common divisor of h and v?
13
Let i be ((-4)/(-3))/((-10)/(-135)). Calculate the greatest common divisor of 54 and i.
18
Let z(d) = d**2 - 10*d + 13. Let p = -2 - -11. Let n be z(p). Suppose i - 60 = -2*i. Calculate the highest common divisor of i and n.
4
Let b = -1 - -33. Suppose -4*s + 0*s = -b. What is the highest common factor of s and 8?
8
Let j = 120 + -9. Suppose 5*k - 3*b - 160 = 0, 4*k = -0*b - b + j. What is the greatest common divisor of 58 and k?
29
Let j = 17 - 11. Suppose -26 = -w - j. Suppose 3*k + 10 = 22. Calculate the highest common divisor of k and w.
4
Suppose p + 6 = 9. Suppose 0 = -2*u + 3*u. Suppose 0 = -u*x + 4*x - 48. Calculate the greatest common divisor of x and p.
3
Suppose -2*u + 4 = -2. Suppose 88 = -u*x + 7*x. What is the highest common factor of x and 2?
2
Let z be (-7 + 11)*15/2. What is the highest common factor of 15 and z?
15
Let r(p) = -p +